*n - 1649 = 4699. What is the greatest common factor of n and 48?
12
Let b(r) = r**3 + 8*r**2 + 10*r + 17. Let w be b(-5). Suppose 4*g + 2 = 6. Suppose -g - 13 = -m. What is the greatest common factor of m and w?
14
Let n = -17 - -25. Let j be -5 + 180/14 + 13/91. Calculate the greatest common factor of n and j.
8
Let f(z) = z**3 + 4*z**2 - 18*z + 21. Let g be f(7). Calculate the greatest common divisor of g and 62.
62
Let s = 127 + -123. Let k(i) = 2*i**2 + i - 2. Let q be k(2). Calculate the greatest common factor of q and s.
4
Let f(j) = -j**2 - 5*j - 2. Let x be f(-4). Let y(z) = z**2 - 38*z + 158. Let g be y(34). What is the highest common factor of g and x?
2
Suppose 3*g = 5*g - 10. Let v = 51 - 5. Suppose -g*n + 29 + v = 0. What is the greatest common divisor of 165 and n?
15
Let g(z) = -2*z**3 - 2*z**2 + 195. Let u be g(0). Calculate the greatest common factor of 39 and u.
39
Let d be 85*((-44)/(-20) + 0). Calculate the highest common factor of d and 22.
11
Let s = 40 + 28. Suppose 5*w + s = 3*q, -2*q + 4*w + 30 + 16 = 0. What is the greatest common divisor of q and 231?
21
Let s(y) = 3*y**2 - 32*y - 5. Let r be s(15). Calculate the highest common factor of 140 and r.
10
Let z(f) = -7*f - 1. Let n be z(2). Let k be (3 - n/(-5)) + 1 + 125. Let d = 46 + -32. What is the greatest common factor of k and d?
14
Let v(u) = -8*u - 2. Let m be v(-3). Suppose 2*a = -3*p + m, -46 = -2*p - p + 4*a. Suppose -4*y + 25 = -75. Calculate the highest common divisor of p and y.
5
Let o be ((-42)/(-18))/((-2)/(-30)). Let m be 2/(-7) - (-640)/o. Calculate the highest common factor of m and 54.
18
Let u(c) = -338*c - 2. Let x be u(-1). Let i = -103 - -145. Calculate the greatest common divisor of i and x.
42
Suppose 83*d = 90*d - 161. Suppose -q + 2*c + 161 = 0, c - 161 = -q + 5*c. Calculate the highest common factor of q and d.
23
Let q be (-21)/(-14) - (-1)/(-2). Let v(y) = 60*y**3 + 1. Let x be v(q). Let m = x - 25. Calculate the greatest common divisor of 12 and m.
12
Suppose -34*p - 12*p = -2208. Calculate the greatest common divisor of p and 120.
24
Let a = -219 + 495. Suppose a = -5*v + 1046. Let z(u) = -u**3 - u**2 + u + 22. Let t be z(0). What is the greatest common factor of t and v?
22
Suppose -4*u + 83 = o - 2*o, 3*o + 89 = 4*u. Suppose m = 3*m - 10. Calculate the highest common factor of m and u.
5
Let i(d) = -6*d**3 + 4*d. Let q be i(-3). Let v be 1*15 + 110 + -110. Calculate the highest common divisor of v and q.
15
Let g be 22/132 + 23/6. What is the greatest common factor of 4 and g?
4
Let z = -3 - -5. Let w be 6/7 + (-1360)/(-112). Suppose h = z*o + w, -3*o + 0*o = 5*h - 52. What is the highest common divisor of h and 11?
11
Suppose t = 0, 5*q + 6*t - 65 = 3*t. Suppose p = 3*m + 33, -2*p + q*m - 9*m + 68 = 0. What is the highest common factor of 24 and p?
12
Suppose -3*j + 9 = -3. Suppose j + 8 = 2*y. Suppose -35 = t - y*t. Calculate the greatest common divisor of 21 and t.
7
Let x(v) = -v**3 - 10*v**2 - 12*v. Let y be x(-8). Let o be (-3)/2*y/12. Let l(a) = 6*a - 3. Let c be l(o). Calculate the greatest common factor of 7 and c.
7
Suppose 1494 = 9*w - 936. Calculate the greatest common divisor of 170 and w.
10
Let s(l) = 2*l**2 + l - 1. Let i be s(-2). Let w be 726/15*i/2. Suppose -2*m = -3*d - 69 + 12, d = -4*m + w. Calculate the highest common divisor of m and 15.
15
Suppose 0 = -5*t - 4*y - 9 - 5, -6 = -t - 3*y. Let x be (3 + t - 0)/(2/(-74)). What is the highest common divisor of 37 and x?
37
Let s = -2 - -6. Suppose -2*x = f + 5, 5*f - s = f - 2*x. Suppose -f*t - 2*t + 255 = 0. What is the greatest common factor of 17 and t?
17
Let o(f) = 2*f**2 - 5*f + 18 - f - 14 + 4*f. Let q be o(3). What is the greatest common factor of q and 2?
2
Let r(b) = 9*b**2 + 5*b + 4. Let i be r(-3). Let j(g) = g**3 - 6*g**2 - 18*g - 71. Let d be j(9). What is the greatest common divisor of d and i?
10
Let i be -3*38*(6/(-4) + 0). Suppose -3*f - 3*h - 31 = -178, 0 = 4*f - h - i. Calculate the greatest common divisor of 44 and f.
44
Let n be 3/9 - 790/(-6). Let i = 310 - 298. What is the greatest common divisor of i and n?
12
Let j be (-7)/(14/6)*-2. Let q(g) = 6*g - 28. Let p be q(j). What is the greatest common divisor of 24 and p?
8
Let m = -29 + 48. Suppose 2*p + 117 + m = 0. Let y = 132 + p. Calculate the highest common divisor of y and 8.
8
Suppose -2*k = -k - 4. Let o be (10824/(-369))/(-2 - (-4)/3). What is the greatest common divisor of k and o?
4
Let g(c) = -2*c**2 + 21*c + 10. Let w be g(7). Calculate the greatest common divisor of 1121 and w.
59
Let o be (2 - 1)/(12/24). Calculate the greatest common factor of 62 and o.
2
Let k = -15 - -47. Suppose 19 = -t + 3. Let h = t + 32. What is the highest common divisor of h and k?
16
Let b(x) = 2*x**3 - x + 2. Let t be b(-2). Let y = t + 27. What is the highest common factor of y and 30?
15
Suppose -x - 226 = -4*l + 864, -x = 4*l - 1094. Suppose -3*c - 2*j = -273, 2*j = -2*c + 5*c - l. What is the highest common divisor of c and 13?
13
Suppose -14 = -3*w + 2*f, -2*w + 5*w = -5*f - 14. Let m be 2/3 - (-295)/(-15). Let u = m + 24. Calculate the greatest common divisor of w and u.
1
Let i be 62 + -25 + -1*1. What is the highest common divisor of i and 288?
36
Let n(v) = -v**3 - 7*v**2 - v - 4. Let q be n(-7). Let j be 5/(-12)*q*-8. What is the greatest common divisor of j and 80?
10
Let d = -54 - -165. Let x = d + -77. What is the highest common factor of 51 and x?
17
Suppose -69 = p + 2*c, -c = -3*p - 3*c - 219. Let b = p + 89. What is the greatest common factor of 35 and b?
7
Suppose -b + 755 = 5*f, -11*f = -2*b - 7*f + 1552. What is the highest common factor of 440 and b?
110
Suppose -4*y + 4*a = -164, -y + 6 = 4*a - 10. Calculate the highest common divisor of 288 and y.
36
Let b = -46 + 40. Let i = b - -15. What is the highest common divisor of i and 45?
9
Suppose 4992 = 122*b - 116*b. What is the highest common factor of b and 128?
64
Let p be 1/(-5) - (-1124)/20. Suppose q - 3 = 2*q. Let g be (1 + 83)/(q - -4). Calculate the highest common factor of g and p.
28
Suppose 0*r = -5*r - 35. Let m = r - -10. Let w be ((-150)/(-24))/1 - (-1)/(-4). What is the highest common divisor of m and w?
3
Suppose -8*g + 6*g = 0. Suppose g = -0*c + 9*c - 108. Let x = 16 - 10. What is the highest common divisor of c and x?
6
Suppose 5*v = 18*v - 1183. Suppose 6*x - 5 = v. Calculate the highest common divisor of x and 40.
8
Let x = -19 - -21. Let z be -4 + (x - (-1 - 1)). Suppose -8 = -m - f - f, z = -4*f. Calculate the greatest common factor of 32 and m.
8
Let b = 2983 - 2884. Calculate the greatest common factor of 143 and b.
11
Let v(y) = y**2 + 12*y - 74. Let f be v(-21). Calculate the greatest common divisor of 5 and f.
5
Let h(c) = c**2 + 8*c - 27. Let l be h(-12). Calculate the highest common divisor of l and 147.
21
Suppose -183 + 2073 = 6*v. What is the greatest common divisor of 135 and v?
45
Suppose 0 = -2*o + 2*m + 100, -o = -4*m - 1 - 64. Let i(s) = -33*s + 174. Let h be i(5). What is the highest common divisor of o and h?
9
Suppose -264 = 4*z - 6*z. Let i be 656/30 + (-2)/(-15). What is the highest common divisor of z and i?
22
Suppose 45*j = -1792 - 863. Let u(h) = 3*h**2 + 3*h - 4. Let q be u(-6). Let r = q + j. Calculate the highest common factor of 3 and r.
3
Suppose 9*n + 3*n = 36. Calculate the highest common divisor of n and 20.
1
Let u(x) = 4*x**2 + 62*x + 58. Let t be u(-17). What is the greatest common divisor of t and 224?
32
Let x = 611 - 307. Calculate the greatest common factor of x and 684.
76
Suppose j + 19 = 2*j. Let g = 31 + -27. Let b = j + g. Calculate the highest common divisor of b and 115.
23
Let z be 75774/949 - (45/(-39) + 1). Calculate the highest common divisor of z and 220.
20
Suppose -i + 3 - 1 = 0. Suppose -i*g = -5*g + 240. Let f be 20/(-6)*(-240)/50. What is the highest common factor of g and f?
16
Let n be (8/(-5))/(44/(-110)). Let j be n + (1 - -2) + 4. What is the highest common factor of j and 44?
11
Suppose 0*k + 12*k = 252. What is the highest common divisor of 14 and k?
7
Let g be (-45)/21 + (-3)/(-21). Let k = g + 11. Calculate the highest common divisor of k and 36.
9
Let n be ((-33)/(1 - -2))/(51/(-51)). Calculate the greatest common factor of 880 and n.
11
S